ime factors of (-11)/(-66)*-1 + (-4910)/r.
409
Let k(x) = -x**2 + 17*x - 12. Let p be k(16). Suppose -g = d - 3, -6*d + p*d = -2*g + 10. Suppose -8 = -4*t, v + 4*t + 196 = g*v. List the prime factors of v.
2, 17
Suppose 31*q - 34*q = 1941. Let y = 1293 + q. What are the prime factors of y?
2, 17, 19
Suppose 2*b - 1694 = 5*t + 5059, -6744 = -2*b + 2*t. List the prime factors of b.
3, 1123
Suppose -3*f + 3*v = 2*f - 7352, f - 2*v - 1476 = 0. Suppose -69*y = -73*y + f. What are the prime factors of y?
367
Let p be (-2 - -6)*(-15)/6. What are the prime factors of 79170/300 - 1/p?
2, 3, 11
Let t(g) = 50*g**2 - 11*g - 29. Let x be t(-3). Let n(q) = -q - 2. Let s be n(-6). What are the prime factors of x/4 + 2/s?
2, 3, 19
Let p = -101 - -101. List the prime factors of (-8)/12*(-489 - p).
2, 163
Suppose 7*b - 21*b = -56. Suppose -b*r - 12*r = -8336. List the prime factors of r.
521
Suppose 2*l = -3*p + 6871 + 20847, 4*p - l - 36950 = 0. List the prime factors of p.
2, 31, 149
What are the prime factors of 1/3*6671*(-1209)/(-217)?
13, 953
Let s = 359 - 627. Let k = s - -114. Let f = 97 - k. List the prime factors of f.
251
Let c(i) be the third derivative of 1/30*i**5 - 1/2*i**3 - 10*i**2 + 0 + 0*i + 5/24*i**4. What are the prime factors of c(6)?
3, 11
Let x(c) = c**2 - 1. Let p be ((-11)/(-9) - -1) + 4/(-18). Let m be x(p). List the prime factors of (-2)/(m + (-591)/195).
5, 13
List the prime factors of ((-11637)/12)/(58/(-696)).
3, 431
Let n(q) = -q - 9. Let s be n(-9). Let o be (-3 - (1 - s)) + 2 + 15. Let a = 112 - o. What are the prime factors of a?
3, 11
Let r = -29 - -16. Let f(t) = -2*t - 24. Let z be f(r). Suppose 0 = -4*x + i + 58 + 23, z*x + 3*i = 37. List the prime factors of x.
2, 5
Suppose 0 = -7*c - 106 - 62. Let o(g) = g**3 + 25*g**2 + 21*g - 27. Let a be o(c). Let j = 135 - a. What are the prime factors of j?
2, 3, 5
Let j = 5461 + -3190. Let n = j - 1503. What are the prime factors of n?
2, 3
Suppose 4715 - 231 = -2*u. Let k = -1493 - u. List the prime factors of k.
7, 107
Suppose 3*l - 46 = 4*h, -l + h + 26 = -3*h. Let x(q) = -q**3 + 9*q**2 + 10*q. Let v be x(l). Suppose -y + 15 + 35 = v. What are the prime factors of y?
2, 5
Let h be -2 - (8/6)/(6/(-27)). Suppose 15*k - 14*k = h. What are the prime factors of 2*(250/k - 2)?
11
Suppose -3*n - 24 = -27. Let l be 1 + 0 + n + 0 + 4. List the prime factors of 73 + -1*(-4 + l).
71
Suppose x + 3*p + 10 = 8*p, -2*x - 2*p + 16 = 0. Suppose 3*l = -u + x*u - 882, -2*l - 880 = -4*u. What are the prime factors of u?
3, 73
Suppose 3*r + 5*s - 30 = 0, -4*r + s + 26 = 3*s. List the prime factors of ((r - 1) + (550 - 1))*1.
7, 79
Let v(n) = n**2 - 3*n + 3. Suppose 7*u + 78 = 10*u. Suppose -2*c = -0*c - r + u, -6 = -3*r. What are the prime factors of v(c)?
3, 61
Let j = -4706 - -11390. List the prime factors of j.
2, 3, 557
Let h(q) = 302*q + 7236. What are the prime factors of h(-8)?
2, 5, 241
Let l(x) = -3*x - 4. Let a = -53 - -51. Let f be l(a). Suppose -4*b = -f*p + 206, -7*p - 4*b = -2*p - 529. List the prime factors of p.
3, 5, 7
Let o(l) = -l**2 - 14*l + 58. Let c be o(-21). Let j = c - -615. What are the prime factors of j?
2, 263
What are the prime factors of 2/(-6 + (-69276)/(-11548))*-3?
2, 2887
Suppose -91 = 2*k + 367. Let n = 119 + k. Let a = -39 - n. What are the prime factors of a?
71
Let q be 13 - 36/6 - 3. Let u be 0/(-1) - 0 - -411. Suppose -l - l = -3*h + 303, q*h = 5*l + u. List the prime factors of h.
3, 11
List the prime factors of (4 + 4/8)*10708*(-13)/(-39).
2, 3, 2677
Let p = 11331 + 2300. What are the prime factors of p?
43, 317
Let n(w) = -83*w - 94*w - w**3 + 189*w - 9 - 5*w**2. Let j be n(-7). Suppose 3*i + 4*b - 90 - 148 = 0, 2*b = -j*i + 406. What are the prime factors of i?
2, 41
Let d(v) = 1709*v**2 - 5*v + 6. Let k be d(1). Suppose -k = -4*l + 1558. What are the prime factors of l?
19, 43
Suppose -198 = -2*j - 6*a + 2*a, 3*j = -a + 322. Let k = -135 + j. Let z = 30 + k. List the prime factors of z.
2
Let j(m) = -4*m**3 + m. Let t be j(1). List the prime factors of 6 + 36/t + 30.
2, 3
Suppose 18*r + 648861 = 34*r + 77*r. List the prime factors of r.
6977
Let k(y) = -9*y**2 - y + 22. Let z(x) = -5*x**2 - x + 11. Suppose 0 = 2*g + 22 - 14. Let r(b) = g*k(b) + 7*z(b). What are the prime factors of r(9)?
43
Let n(y) = 11*y**2 + 7*y + 20. Let j = -130 - -134. What are the prime factors of n(j)?
2, 7
List the prime factors of -47 + 72008 + (-60)/10.
3, 5, 13, 41
Suppose 0 = -8*k - 28*k - 6*k + 1377852. List the prime factors of k.
2, 47, 349
Let r = 32159 + -5149. Let h be r/4*(8/(-10) + 0). List the prime factors of h/73*(6/(-4))/1.
3, 37
What are the prime factors of (0/12 - 3) + 13555?
2, 7, 11
Let t = -9404 + 33355. What are the prime factors of t?
43, 557
Suppose -k - 52777 = -4*v + 6216, -3*k = 15. What are the prime factors of v?
14747
Suppose 4*n + 87329 = 3*l, 3*l + 3*n - 68397 = 18939. What are the prime factors of l?
43, 677
Let y = 262 + -258. Suppose -3*q + 4*h - 721 = -y*q, 4*h - 1442 = -2*q. What are the prime factors of q?
7, 103
What are the prime factors of (55 - 53)*(-82249)/(-2)?
233, 353
Suppose 2*j = -18*f + 13*f + 289148, j - 57832 = -f. What are the prime factors of f?
2, 3, 61, 79
List the prime factors of (3 - 2 - 90207)*(-29 + 570/20).
23, 37, 53
Suppose -4*t + 6*t + 5*q - 33 = 0, -3*q + 14 = t. Let n = 37 - t. Suppose -3*r + 15 = 5*i - n, -2*i - 2*r + 10 = 0. List the prime factors of i.
2
Let h be 5/(-20)*3804/(-3). Suppose -r + 4*l = -409, 0 = r + 2*l - 122 - h. What are the prime factors of r?
3, 11, 13
Let z(b) = b**3 + 15*b**2 - 18*b - 28. Let f be z(-16). Suppose f*j - 1367 = -5*d, 5*d - 1377 = 3*j + 4. List the prime factors of d.
5, 11
Let u be (70/(-28))/((-5)/2). Suppose 6*f = 7*f + u, -3*y + 1057 = -f. List the prime factors of y.
2, 11
Let v(i) = -i**2 + 7*i + 30. Let n be v(10). Let h(d) = -d**2 - 1. Let f be h(n). List the prime factors of (0 + f)/((-1)/150).
2, 3, 5
Let g(v) = 38*v**2 - 77*v + 2. Let i(t) = -t**2 - 37*t - 65. Let l be i(-35). List the prime factors of g(l).
3, 7
Let i = 10069 + -1797. What are the prime factors of i?
2, 11, 47
Let d = -23 + 21. Let m be 3/d + 294/4. Let c = m + -45. What are the prime factors of c?
3
Suppose 44 = 4*v + 32. Suppose v*i - 276 = 2*i + d, 2*d + 825 = 3*i. What are the prime factors of i?
3, 7, 13
Suppose -3*s - 1877 - 1126 = -3*z, -999 = s - 2*z. Let c = 1480 + s. What are the prime factors of c?
3, 53
Suppose 2166 = 14*n - 16202. Suppose -f + n = z, 2*f - 1355 = -4*z + 1277. List the prime factors of f.
2, 3, 109
Suppose -13*x + 140 = -94. Let b = -18 + x. Suppose -v + 5*w + 131 = b, -3*v + 743 = 2*v - 3*w. What are the prime factors of v?
151
Suppose x - 275 = 12*x. Let j(a) be the first derivative of -a**2 - 4*a - 2. What are the prime factors of j(x)?
2, 23
Let k(d) = d**2 - 19*d + 36. Let m be k(18). List the prime factors of (-483)/(-9) - 12/m.
53
Let o = -24353 + 39918. List the prime factors of o.
5, 11, 283
Suppose -42013 = -12*x + 25115. List the prime factors of x.
2, 2797
Suppose -2*u + 43557 = 5*q - 6719, -10066 = -q - 4*u. List the prime factors of q.
2, 11, 457
Suppose 17*j - 1735 - 577 = 0. Suppose j = 12*y - 9*y - 2*m, -m - 188 = -4*y. List the prime factors of y.
2, 3
Let h be 3 + (-467)/(6/(-6)). Suppose -8*v = 2*v - h. List the prime factors of v.
47
Let o(n) = 89*n**2 - 31*n + 33. List the prime factors of o(10).
8623
Let i = 552 - 544. Let o(s) = 4*s**2 - s - 60. What are the prime factors of o(i)?
2, 47
What are the prime factors of (13/((-520)/(-860)))/(2/508)?
43, 127
Let m = 10216 - -8698. List the prime factors of m.
2, 7, 193
Let v = 28548 + -5466. What are the prime factors of v?
2, 3, 3847
Let d = -6811 - -13427. What are the prime factors of d?
2, 827
Let c(u) = -178*u + 6. Let g be (-3)/(2 + (6 - 7)). What are the prime factors of c(g)?
2, 3, 5
Let x(i) = 1110*i**2 + 14*i - 33. What are the prime factors of x(1)?
1091
Let b = 21896 - -7836. What are the prime factors of b?
2, 7433
Suppose 6*s - 1341 = 6849. Suppose s = 10*t - 7*t. List the prime factors of t.
5, 7, 13
Suppose d = -3*s + 2*s + 107, 0 = 3*s - 2*d - 341. Suppose -91 = 5*t - s. Suppose 60 = r - 4*n, t*r + 3*n + 22 - 338 = 0. What are the prime factors of r?
2, 19
Suppose -1939 = -10*d +